 of 2579534 and 17744?
2218
Calculate the greatest common factor of 3528 and 3416280.
1176
Calculate the highest common factor of 10471 and 525814.
283
What is the highest common factor of 1458 and 347176773?
729
Calculate the highest common factor of 59 and 26867479.
59
Calculate the greatest common divisor of 2662625 and 537.
179
What is the greatest common divisor of 27895 and 3025435?
35
What is the greatest common factor of 2378855 and 25915?
355
What is the highest common factor of 21 and 37693509?
21
Calculate the greatest common factor of 30414645 and 90.
45
Calculate the greatest common divisor of 14330 and 4039627.
1433
What is the greatest common divisor of 55118085 and 165?
165
What is the greatest common factor of 1960 and 140344330?
490
Calculate the greatest common divisor of 1958 and 66016907.
979
Calculate the greatest common factor of 345 and 2624185.
115
Calculate the greatest common divisor of 4824341 and 1735.
347
What is the greatest common divisor of 188 and 34514309?
47
What is the greatest common divisor of 1455708 and 69?
3
What is the highest common factor of 99 and 16196400?
99
Calculate the highest common factor of 101052089 and 19.
19
Calculate the highest common factor of 405895698 and 1404.
702
What is the highest common factor of 320 and 1004451680?
160
Calculate the greatest common divisor of 16146376 and 24448.
1528
What is the highest common divisor of 296 and 16862750?
74
What is the highest common divisor of 130 and 9538841?
13
What is the greatest common divisor of 819 and 602901?
117
Calculate the highest common factor of 5375939 and 73.
73
Calculate the greatest common factor of 4634 and 17189823.
2317
What is the greatest common divisor of 11622 and 12792?
78
What is the greatest common factor of 14271 and 7307604?
213
What is the highest common divisor of 29760929 and 165?
11
What is the highest common divisor of 2268 and 212044?
28
What is the highest common factor of 3098996 and 89644?
292
What is the highest common divisor of 132 and 5781996?
132
What is the greatest common divisor of 31954416 and 17589?
1599
Calculate the greatest common factor of 863424125 and 779.
779
Calculate the highest common factor of 24848926 and 8428.
86
What is the highest common divisor of 483 and 5604123?
21
Calculate the highest common factor of 2687742 and 486.
162
What is the highest common factor of 4115293 and 10127?
533
Calculate the highest common factor of 140674 and 25678.
74
What is the greatest common divisor of 61095 and 26990?
5
What is the greatest common factor of 9269092 and 1036?
1036
What is the highest common factor of 32272 and 199513572?
8068
Calculate the greatest common divisor of 4784 and 17942392.
2392
What is the greatest common divisor of 47 and 16253399?
47
Calculate the highest common factor of 186081 and 2100.
21
Calculate the highest common divisor of 4041 and 39915202.
449
What is the highest common factor of 89036738 and 2086?
2086
Calculate the greatest common factor of 4552 and 52744024.
4552
Calculate the highest common divisor of 539986 and 763.
109
Calculate the greatest common factor of 12588524 and 325.
13
Calculate the greatest common divisor of 7980388 and 806.
26
What is the greatest common factor of 10801 and 4217019?
1543
What is the greatest common divisor of 12792 and 82120376?
4264
Calculate the greatest common divisor of 3454708752 and 216.
216
Calculate the greatest common divisor of 3483 and 902988.
81
Calculate the greatest common factor of 412 and 69204979.
103
What is the greatest common factor of 71501046 and 6?
6
Calculate the highest common divisor of 9627 and 192764630.
3209
Calculate the highest common divisor of 7521174 and 762858.
2754
Calculate the greatest common factor of 856 and 48956.
4
Calculate the highest common factor of 17240576 and 176.
16
Calculate the highest common divisor of 183570035 and 110.
55
Calculate the greatest common divisor of 252266404 and 52.
52
What is the highest common factor of 636 and 24551084?
212
Calculate the highest common divisor of 480 and 931061520.
240
What is the greatest common factor of 652570 and 60?
10
Calculate the greatest common factor of 4236 and 200268.
12
What is the greatest common factor of 249699531 and 1149?
1149
Calculate the highest common factor of 544 and 12754304.
32
Calculate the highest common divisor of 4732912 and 304.
16
What is the highest common factor of 1114316 and 13993?
7
What is the highest common divisor of 111 and 1044146549?
37
Calculate the greatest common divisor of 112 and 5205032.
56
Calculate the greatest common divisor of 5720238 and 984.
246
What is the greatest common divisor of 25498306 and 124?
62
Calculate the highest common factor of 340 and 399790445.
85
What is the highest common divisor of 28338 and 49254?
6
What is the greatest common factor of 40014 and 1595373?
741
What is the highest common divisor of 856448409 and 13665?
2733
Calculate the highest common divisor of 81595668 and 10626.
462
Calculate the highest common divisor of 54 and 119284038.
18
Calculate the highest common divisor of 47278182 and 117789.
1659
What is the highest common factor of 44 and 929599?
11
Calculate the greatest common factor of 45984 and 4584.
24
What is the greatest common factor of 710870 and 356306?
134
What is the highest common divisor of 447106 and 153978?
22
Calculate the greatest common divisor of 13596314 and 24190.
118
Calculate the highest common factor of 58 and 160437454.
58
What is the greatest common divisor of 1214682 and 798?
42
Calculate the highest common divisor of 52722 and 334602.
522
What is the highest common divisor of 1009226 and 5300?
106
What is the highest common divisor of 129360 and 2846305?
385
Calculate the highest common factor of 63924 and 91812.
84
Calculate the greatest common factor of 84792136 and 312.
104
What is the highest common factor of 211621 and 30933?
491
Calculate the greatest common divisor of 70 and 234727150.
70
Calculate the highest common factor of 278632161 and 531.
531
Calculate the highest common factor of 84452 and 3268.
172
What is the highest common divisor of 3102384 and 512?
16
What is the greatest common divisor of 20 and 30636720?
20
Calculate the highest common divisor of 2613248 and 95932.
116
What is the greatest common factor of 21617471 and 2285?
457
Calculate the highest common divisor of 976 and 192638732.
244
What is the greatest common factor of 11 and 1978687271?
11
Calculate the greatest common factor of 4 and 513696694.
2
Calculate the highest common factor of 228001552 and 8.
8
Calculate the highest common divisor of 132339 and 1829.
31
Calculate the highest common factor of 7667693 and 77.
11
Calculate the highest common factor of 35537463 and 867.
867
Calculate the highest common factor of 7 and 27982682.
7
Calculate the highest common factor of 9264305 and 551.
19
Calculate the greatest common factor of 4875 and 12602265.
195
What is the greatest common factor of 44 and 57193730?
22
What is the highest common factor of 881 and 139264956?
881
Calculate the highest common divisor of 402961 and 6255.
139
Calculate the highest common factor of 27342 and 13448358.
3906
What is the highest common factor of 13200286 and 159?
53
What is the greatest common factor of 15528982 and 175?
7
What is the highest common factor of 9450 and 10507000?
350
Calculate the greatest common divisor of 1170 and 142786605.
195
Calculate the greatest common factor of 386324 and 112.
4
Calculate the greatest common divisor of 27148920 and 12.
12
What is the highest common divisor of 7390543 and 28432?
1777
Calculate the highest common factor of 1880 and 79888.
8
What is the greatest common divisor of 1372 and 87888?
4
What is the highest common factor of 1059213136 and 16?
16
Calculate the highest common factor of 986 and 224805042.
986
What is the greatest common divisor of 2511 and 16603218?
81
Calculate the highest common divisor of 19147 and 2128119.
467
What is the greatest common divisor of 4445 and 21387240?
35
Calculate the highest common factor of 445727 and 4758.
61
Calculate the greatest common divisor of 192 and 13868256.
96
Calculate the highest common divisor of 5811 and 136071.
39
Calculate the greatest common divisor